0)). Let x(z) be the second derivative of -z**5/20 - z**4/4 + 2*z**3/3 + z**2/2 + z. Determine x(q).
1
Suppose -3*d = 5*s - 23, -2*s + 3*s - 5 = -d. Let h(c) = 7*c - 9. Let v(j) = -3*j + 5. Let m(w) = s*h(w) + 7*v(w). Give m(-1).
-8
Let o be 0 + 1 + 8 + -6. Suppose -q + 2 = 0, 2*k - o*q = -10 - 2. Let r(n) = 6*n + 4. Determine r(k).
-14
Let z(g) = 5*g**2 - 14*g - 8. Let i(a) be the second derivative of a**4/6 - 7*a**3/6 - 2*a**2 + 8*a. Let h(x) = 7*i(x) - 3*z(x). Calculate h(-4).
8
Let k = -5/2 - -11/4. Let u(h) be the first derivative of 2 + 1/3*h**3 + 0*h**2 - 8*h - k*h**4. Calculate u(0).
-8
Let s(u) be the third derivative of -u**6/120 - 2*u**5/5 + 53*u**4/24 + 11*u**3/3 + 211*u**2. What is s(-26)?
-4
Let x(f) = 2*f**3 + 8*f**2 - 2*f - 1. Suppose -36 = 3*p + 6*p. Determine x(p).
7
Suppose -4*o + 4 = 2*x - 3*o, 2*o = -5*x + 12. Suppose s - 12 = -3*k, -x*k = -k + 4*s - 12. Let u(q) = -4*q - 2 + q + k + 5*q. Calculate u(-4).
-6
Let d(j) be the first derivative of -2*j**2 - 5*j - 369. What is d(-2)?
3
Let s(d) = 2*d - 39. Suppose -v - b + 17 = 0, -2*b + 74 = 4*v + 6. Give s(v).
-5
Let u(w) be the first derivative of -w**5/60 + 7*w**4/24 + 5*w**3/6 + 9*w**2 + 20. Let c(y) be the second derivative of u(y). Give c(7).
5
Suppose -22*u - 142 = -10. Let q(h) = -2*h**2 - 11*h + 4. Calculate q(u).
-2
Let t(l) = -l**3 - 10*l**2 + 25*l + 12. Suppose 4*s + 2*n = -s - 68, -5*n - 20 = 0. Give t(s).
0
Let a(v) = v**2 - 9*v + 6. Let f be a(7). Let i(y) = -2*y + 6. What is i(f)?
22
Let i = 47 + -53. Let b(l) = -l. Let c(h) = 3*h - 1. Let o(v) = i*b(v) + c(v). Calculate o(1).
8
Let s(b) = 4*b**2 - b. Let c(g) = g**3 + 6*g**2 - 7*g - 33. Let y be c(-6). Suppose 0*f = y*f - 18. Calculate s(f).
14
Let p be 125/15 - (-1)/(-3). Let r(z) = 3*z**2 - p*z**2 - 1 + z - 2*z. Let s(c) = -19*c + 18. Let t be s(1). Give r(t).
-5
Let z(f) = -f**3 - 5*f**2 - 5*f + 4. Suppose 2*y + 6 = 16. Let s(p) = 2*p**2 + p**2 - 2*p**2 + p. Let m(o) = y*s(o) + z(o). Determine m(0).
4
Let c(q) be the third derivative of -q**7/5040 + q**6/90 - q**5/10 - 6*q**2. Let x(w) be the third derivative of c(w). Give x(10).
-2
Let r = 9 + -12. Let a(m) be the first derivative of m**4/4 + 4*m**3/3 + m**2/2 - m + 186. Calculate a(r).
5
Let l(w) = -8*w**2 + 35*w - 8. Let o be l(4). Let a(g) = 4*g - 12. Determine a(o).
4
Let k(h) = 3*h**2 + 2 - 4*h**2 - 35150*h**3 + 35149*h**3 - h + 7. Suppose 12 = 3*v, -3*v = -4*p - 8*v + 20. Give k(p).
9
Let c(n) be the second derivative of -5*n**3/3 - n**2/2 + 101*n. Calculate c(-1).
9
Let u(b) = -b + 12. Suppose 0 = -551*p + 557*p - 72. Calculate u(p).
0
Let q(u) = u + 30. Let b be q(-28). Let t(y) = 8*y**2 - 25*y**b + 9*y**2 + 9*y**2 + 2*y. Give t(-4).
8
Let t(p) = 10*p. Let z(n) = 22*n. Let j(d) = 5*t(d) - 2*z(d). Let v(x) be the third derivative of -x**4/24 + x**2. Let u(f) = -4*j(f) - 30*v(f). Give u(-1).
-6
Let i(q) = 23*q**3 + 17*q**2 + q + 5. Let v(z) = 10*z**3 + 8*z**2 + z + 3. Let t(p) = 3*i(p) - 7*v(p). Determine t(-3).
-12
Let l(t) be the second derivative of t**5/20 - 7*t**4/12 + 13*t**3/6 - 2*t**2 + 91*t - 2. Calculate l(5).
11
Suppose -n = 5*l + 15 + 5, 2*n + 7 = l. Let u(a) = a**3 + 3*a**2 - 11*a - 2. Let m be u(n). Let i(x) = -x**3 + 3*x**2 - 4. Calculate i(m).
-4
Suppose -52*j - 64 = -56*j. Let k(t) = -12*t - t**2 + 5 + j*t - 9*t. Calculate k(-5).
5
Let o = -1383 - -1377. Let h(x) = -x**3 - 6*x**2 - 2*x - 4. Calculate h(o).
8
Let n = 7 + -7. Let i(l) = -7*l - 4 + 10 + 6*l. Let b be i(n). Let m(k) = k - 2. Determine m(b).
4
Let s(h) = -h**2 + 4*h + 13. Let i be (6/10)/(((-9)/10)/(-9)). Let c be s(i). Let d(p) = -9*p**3 + 2*p**2 - 2*p + 1. Determine d(c).
-8
Let v(b) = b**2 - 5*b - 4. Let r = 65 + -70. What is v(r)?
46
Suppose 4*l - f = 45, 3*l - 4*f - 25 - 25 = 0. Let x be (l/(-8))/(1/4). Let i(u) = -7*u - 5*u + 4*u - 9 - 2*u + 9*u. Determine i(x).
-4
Let y(u) = -9*u + 11. Let c(l) = 3*l - 3. Let v(z) = -7*c(z) - 2*y(z). Determine v(5).
-16
Let y(x) = 7*x**2 + 5*x - 14. Let z(q) = -4*q**2 - 2*q + 7. Let n(c) = 3*y(c) + 5*z(c). Let p = 47 + -50. Let l be p + (-24)/9 - (-2)/(-6). Calculate n(l).
-1
Let v be (1 - 0) + (-13 - -13). Let y(l) = -1 + 0 - l**2 + 3*l**3 - 4*l**3 - v. Suppose 4*o = -5*a - 14, -3*o - 5 - 2 = 2*a. Determine y(a).
2
Let r(s) = s - 1. Let g(z) = -2*z**2 + 7*z + 9. Let j(m) = g(m) - 2*r(m). What is j(5)?
-14
Let h(d) be the second derivative of d**4/6 - 5*d**3/6 + 5*d**2/2 + 2*d - 1. Calculate h(3).
8
Let v(c) be the third derivative of -3/2*c**3 - 32 + 0*c + 5/24*c**4 + c**2. Determine v(6).
21
Let z(p) = 5*p + 3. Let r(i) = 3*i - 24. Let g(c) be the second derivative of c**3/3 - 6*c**2 - c. Let t(j) = -7*g(j) + 4*r(j). Let a be t(-5). Calculate z(a).
-7
Let h(r) = r + 2. Let s be h(7). Let i(f) = -14*f**2 + 6*f**2 + s*f**2 - 6*f - 2. Calculate i(6).
-2
Let i(m) = 9 + 2*m + 1 - 7. Calculate i(-10).
-17
Let z = -1 - -7. Let h(x) = 3*x - 120. Let n be h(41). Let t(g) = 0*g**3 - 7*g**n + z*g**3 + 10. What is t(0)?
10
Let s(d) = -3 + 0*d + 8*d - 5*d. Suppose 5*q + 0*g + 2*g = 23, -3*q = -3*g + 3. Give s(q).
6
Let m(w) = -w**2 - 10*w - 20. Suppose 278*j - 249*j = -203. Calculate m(j).
1
Let v(u) = -u + 12. Let o(f) = 4*f - 50. Let l(w) = 2*w - 25. Let m(d) = -13*l(d) + 6*o(d). Let n(j) = 4*m(j) - 9*v(j). What is n(5)?
-3
Let z(d) = d + 6. Suppose 5*s - 8 = 7*s. Let v be 18/12*-1*s/(-1). Give z(v).
0
Suppose 0 = -3*c - 15, -4*c - 33 = 3*t - 7. Let p(z) = z**3 - 11*z**2 - 10*z - 7. Let j be p(12). Let q(l) = -j*l + 10*l + 2 + 5*l. Give q(t).
6
Suppose 2*a - 15 = -a. Suppose -3*m = a*z - 3, z + 0*z = 0. Let n(i) = -m + 6*i + 0 + 4*i - 3*i. Calculate n(-1).
-8
Let s(g) = g**3 - 2*g**2 + 4*g - 1. Let r(d) = 2*d**3 - d**2 + 3*d - 1. Let x(t) = 2*r(t) - 3*s(t). Give x(-5).
6
Let f(h) = -3*h - 1. Suppose 30*k - 227 = 13. What is f(k)?
-25
Suppose 0 = 4*b + 9 - 1. Let m be (b - 4)/(-3) - 0. Let n(k) = -k**3 + 7*k**2 - 3*k - 58. Let y(f) = -f**2 + 12. Let o(q) = -n(q) - 5*y(q). Determine o(m).
4
Let o(q) = q**3 - 14. Let g be (18/(-12))/(-1*6/(-40)). Let s be (-3)/15 + (-2)/g. Determine o(s).
-14
Let z(p) = -10*p - 2. Let j(q) = 3*q + 1. Let f(a) = -3*j(a) - z(a). Determine f(-3).
-4
Suppose 26 = -3*k - 5*v, 0*k - v = -2*k. Let y(p) = 3*p - 13. Let d(i) = i - 6. Let m(f) = 9*d(f) - 4*y(f). Give m(k).
4
Let d(z) be the second derivative of z**3/6 + z - 37. Suppose -4*y + 14 = 4*k - 3*k, -2*k = 2*y - 16. Determine d(k).
6
Let g(i) = 11*i. Let n be 2 + 3 + (-2 - 1). Suppose 0 = -3*p + n*c + 11, 5*p + 5*c + 0 - 35 = 0. Suppose 5*u - 4*y - 9 = 0, -2*u - p*y = 2 + 1. Determine g(u).
11
Let d(l) be the third derivative of l**6/120 + 7*l**5/60 + l**4/6 + l**3/6 - 29*l**2. Give d(-6).
13
Let z(i) = i**3 + 3*i**2 - 4*i + 2. Let n(j) = 6*j + 2. Let u be n(-1). Let g be (-25)/4*u/(-1). Let o be (-35)/g - (-3)/5. Give z(o).
14
Suppose 0 = 20*u + 192 - 32. Let b(w) = w**3 + 10*w**2 + 13*w + 8. Determine b(u).
32
Let w(y) = -5 - 5 + 168*y**2 + 13*y - 169*y**2 - 5. Give w(11).
7
Let z(a) = -2*a**2 + 4*a. Suppose 5*m + 54 = -71. Let n = 28 + m. Calculate z(n).
-6
Let h be (-22)/4 + (-15)/(-10). Let o(k) = k**3 + 2*k**2 - 5*k + 8. Let f be o(h). Let t(d) = d**2 + 3*d - 2. Determine t(f).
2
Let f(k) = 3 + 0*k - k + k + k. Let s(z) = -z**3 - 8*z**2 - 16*z - 4. Let n be s(-4). Give f(n).
-1
Suppose 185*s = 181*s + 8. Let r(z) = -z**2 - s*z - 1 + 0*z - z + 6*z. What is r(5)?
-11
Let t(l) be the third derivative of 0 - 1/2*l**3 - l**2 + 1/60*l**5 + 0*l - 1/12*l**4. Let a be t(0). Let b(o) = -o**2 + o + 3. What is b(a)?
-9
Let m = -42 + 41. Let y(x) = -x + 1. Let n(k) = 10*k**3 - 6*k + 7. Let r(a) = n(a) - 6*y(a). What is r(m)?
-9
Let h(m) = m**3 + m - 9. Let j be (-45)/(-6) + (-3)/2. Suppose -5*z = -j*z. Suppose z = -5*q - 25, 0 + 15 = 3*n - 3*q. Calculate h(n).
-9
Let o(p) = -p + 8. Let y be o(7). Let g(q) = -q**2 - 7*q + 1. Let a be g(-6). Let l(w) = -w**2 - a*w**2 + 0*w**2 - y. Give l(1).
-9
Let m(o) be the second derivative of 5*o**4/12 + o**3/3 - 3*o**2 + 231*o - 3. What is m(-3)?
33
Let v(x) = -x**2 - 19*x + 5. Let o be v(-19). Let n(c) = -c - 4. Determine n(o).
-9
Let m(z) = -2*z + 8. Suppose 59*n = 66*n - 49. Determine m(n).
-6
Suppose -2*w = -7*w + 2700. Suppose 2*y + 3*y - w = 0. Let q be 6/(-39) - y/(-26). Let a(b) = -b**3 + 5*b**2 - b - 3. What is a(q)?